{"id":98,"date":"2018-01-27T15:21:52","date_gmt":"2018-01-27T15:21:52","guid":{"rendered":"http:\/\/sandenelektro.no\/?page_id=98"},"modified":"2018-02-28T12:16:30","modified_gmt":"2018-02-28T12:16:30","slug":"oppgaver","status":"publish","type":"page","link":"https:\/\/sandenelektro.no\/?page_id=98","title":{"rendered":"Me tilbyr"},"content":{"rendered":"<ul>\n<li><span style=\"color: #000000;\">Me planlegg, utf\u00f8rer og kontrollerer nye installasjonar, reparasjonar, oppgradering, feils\u00f8kning og utbedring av feil p\u00e5 et elektrisk anlegg. I <a style=\"color: #000000;\" title=\"Norge\" href=\"https:\/\/no.wikipedia.org\/wiki\/Norge\">Norge<\/a> er en elektriker underlagt normer, lover og forskrifter innen elektrofaget, som for eksempel <a class=\"mw-redirect\" style=\"color: #000000;\" title=\"Forskrift om sikkerhet ved arbeid i og drift av elektriske anlegg\" href=\"https:\/\/no.wikipedia.org\/wiki\/Forskrift_om_sikkerhet_ved_arbeid_i_og_drift_av_elektriske_anlegg\">FSE<\/a> og <a style=\"color: #000000;\" title=\"NEK 400\" href=\"https:\/\/no.wikipedia.org\/wiki\/NEK_400\">NEK 400<\/a>.<\/span><\/li>\n<li><span style=\"color: #000000;\">Me utf\u00f8rer elektroinstallasjon innan:<\/span><span style=\"color: #000000;\"> Rehabilitering\u00a0 \u00a0 \u00a0Boligbygg\u00a0 \u00a0 \u00a0 \u00a0 \u00a0 N\u00e6ringsbygg\u00a0 \u00a0 \u00a0 Servicejobbar\u00a0 \u00a0 \u00a0 Rapportarbeid<\/span><\/li>\n<li><span style=\"color: #000000;\">Arbeidsomr\u00e5de er Indre Sogn, men tek ogs\u00e5 oppdrag andre plassar.<\/span><\/li>\n<li><span style=\"color: #000000;\">Me legg vekt p\u00e5 \u00e5 lage trygge anlegg og finne dei beste l\u00f8ysingane.Ta ein uforpliktande prat med oss :-)<\/span><\/li>\n<\/ul>\n<p>&nbsp;<\/p>\n<div id=\"attachment_74\" style=\"width: 160px\" class=\"wp-caption alignleft\"><a href=\"https:\/\/sandenelektro.no\/wp-content\/uploads\/2018\/01\/Sk\u00e5p1-f\u00f8r.png\"><img loading=\"lazy\" decoding=\"async\" aria-describedby=\"caption-attachment-74\" class=\"wp-image-74 size-thumbnail\" src=\"https:\/\/sandenelektro.no\/wp-content\/uploads\/2018\/01\/Sk\u00e5p1-f\u00f8r-150x150.png\" alt=\"\" width=\"150\" height=\"150\" \/><\/a><p id=\"caption-attachment-74\" class=\"wp-caption-text\">Sikringssk\u00e5p f\u00f8r rehabilitering<\/p><\/div>\n<div id=\"attachment_73\" style=\"width: 160px\" class=\"wp-caption alignleft\"><a href=\"https:\/\/sandenelektro.no\/wp-content\/uploads\/2018\/01\/Sk\u00e5p1-etter.png\"><img loading=\"lazy\" decoding=\"async\" aria-describedby=\"caption-attachment-73\" class=\"wp-image-73 size-thumbnail\" src=\"https:\/\/sandenelektro.no\/wp-content\/uploads\/2018\/01\/Sk\u00e5p1-etter-150x150.png\" alt=\"\" width=\"150\" height=\"150\" \/><\/a><p id=\"caption-attachment-73\" class=\"wp-caption-text\">Sikringssk\u00e5p etter rehabilitering med nye jordfeilautomatar<\/p><\/div>\n<p>&nbsp;<\/p>\n<p>&nbsp;<\/p>\n<p>&nbsp;<\/p>\n<p>&nbsp;<\/p>\n<p>&nbsp;<\/p>\n<p>&nbsp;<\/p>\n<div id=\"attachment_153\" style=\"width: 190px\" class=\"wp-caption alignleft\"><a href=\"https:\/\/sandenelektro.no\/wp-content\/uploads\/2018\/02\/Sk\u00e5p-2.jpg\"><img loading=\"lazy\" decoding=\"async\" aria-describedby=\"caption-attachment-153\" class=\"wp-image-153 size-medium\" src=\"https:\/\/sandenelektro.no\/wp-content\/uploads\/2018\/02\/Sk\u00e5p-2-180x300.jpg\" alt=\"\" width=\"180\" height=\"300\" srcset=\"https:\/\/sandenelektro.no\/wp-content\/uploads\/2018\/02\/Sk\u00e5p-2-180x300.jpg 180w, https:\/\/sandenelektro.no\/wp-content\/uploads\/2018\/02\/Sk\u00e5p-2.jpg 308w\" sizes=\"auto, (max-width: 180px) 100vw, 180px\" \/><\/a><p id=\"caption-attachment-153\" class=\"wp-caption-text\">Ny innmat i gamalt sk\u00e5p<\/p><\/div>\n<p>&nbsp;<\/p>\n<p>&nbsp;<\/p>\n<div id=\"attachment_58\" style=\"width: 160px\" class=\"wp-caption alignleft\"><a href=\"https:\/\/sandenelektro.no\/wp-content\/uploads\/2018\/01\/Bolig2.png\"><img loading=\"lazy\" decoding=\"async\" aria-describedby=\"caption-attachment-58\" class=\"wp-image-58 size-thumbnail\" src=\"https:\/\/sandenelektro.no\/wp-content\/uploads\/2018\/01\/Bolig2-150x150.png\" alt=\"\" width=\"150\" height=\"150\" \/><\/a><p id=\"caption-attachment-58\" class=\"wp-caption-text\">Ny installasjon i bustadhus<\/p><\/div>\n<div id=\"attachment_62\" style=\"width: 160px\" class=\"wp-caption alignleft\"><a href=\"https:\/\/sandenelektro.no\/wp-content\/uploads\/2018\/01\/Garasje.jpg\"><img loading=\"lazy\" decoding=\"async\" aria-describedby=\"caption-attachment-62\" class=\"wp-image-62 size-thumbnail\" src=\"https:\/\/sandenelektro.no\/wp-content\/uploads\/2018\/01\/Garasje-150x150.jpg\" alt=\"\" width=\"150\" height=\"150\" \/><\/a><p id=\"caption-attachment-62\" class=\"wp-caption-text\">Ny installasjon i garasje<\/p><\/div>\n<p>&nbsp;<\/p>\n<p>&nbsp;<\/p>\n<p>&nbsp;<\/p>\n<p>&nbsp;<\/p>\n<p>&nbsp;<\/p>\n<p><img loading=\"lazy\" decoding=\"async\" class=\"wp-image-68 size-medium\" style=\"font-weight: bold; background-color: transparent; font-size: 1rem;\" src=\"https:\/\/sandenelektro.no\/wp-content\/uploads\/2018\/01\/RekkehusTrendLang-300x59.png\" alt=\"\" width=\"300\" height=\"59\" srcset=\"https:\/\/sandenelektro.no\/wp-content\/uploads\/2018\/01\/RekkehusTrendLang-300x59.png 300w, https:\/\/sandenelektro.no\/wp-content\/uploads\/2018\/01\/RekkehusTrendLang-768x150.png 768w, https:\/\/sandenelektro.no\/wp-content\/uploads\/2018\/01\/RekkehusTrendLang-1024x200.png 1024w, https:\/\/sandenelektro.no\/wp-content\/uploads\/2018\/01\/RekkehusTrendLang-624x122.png 624w, https:\/\/sandenelektro.no\/wp-content\/uploads\/2018\/01\/RekkehusTrendLang.png 1461w\" sizes=\"auto, (max-width: 300px) 100vw, 300px\" \/><\/p>\n<p>Ny elektroinstallasjon og reparasjon av hus og bustader.<\/p>\n<p>&nbsp;<\/p>\n<div id=\"attachment_61\" style=\"width: 160px\" class=\"wp-caption alignleft\"><a href=\"https:\/\/sandenelektro.no\/wp-content\/uploads\/2018\/01\/Devifoil-1.png\"><img loading=\"lazy\" decoding=\"async\" aria-describedby=\"caption-attachment-61\" class=\"wp-image-61 size-thumbnail\" src=\"https:\/\/sandenelektro.no\/wp-content\/uploads\/2018\/01\/Devifoil-1-150x150.png\" alt=\"\" width=\"150\" height=\"150\" \/><\/a><p id=\"caption-attachment-61\" class=\"wp-caption-text\">Varmefolie i golv<\/p><\/div>\n<div id=\"attachment_79\" style=\"width: 160px\" class=\"wp-caption alignleft\"><a href=\"https:\/\/sandenelektro.no\/wp-content\/uploads\/2018\/01\/Varmekabel-i-betong.png\"><img loading=\"lazy\" decoding=\"async\" aria-describedby=\"caption-attachment-79\" class=\"wp-image-79 size-thumbnail\" src=\"https:\/\/sandenelektro.no\/wp-content\/uploads\/2018\/01\/Varmekabel-i-betong-150x150.png\" alt=\"\" width=\"150\" height=\"150\" \/><\/a><p id=\"caption-attachment-79\" class=\"wp-caption-text\">Varmekabel i golv<\/p><\/div>\n<div id=\"attachment_64\" style=\"width: 160px\" class=\"wp-caption alignleft\"><a href=\"https:\/\/sandenelektro.no\/wp-content\/uploads\/2018\/01\/N\u00e6ring.png\"><img loading=\"lazy\" decoding=\"async\" aria-describedby=\"caption-attachment-64\" class=\"wp-image-64 size-thumbnail\" src=\"https:\/\/sandenelektro.no\/wp-content\/uploads\/2018\/01\/N\u00e6ring-150x150.png\" alt=\"\" width=\"150\" height=\"150\" \/><\/a><p id=\"caption-attachment-64\" class=\"wp-caption-text\">Verkstadbygg \/ forretning<\/p><\/div>\n<p>&nbsp;<\/p>\n<p>&nbsp;<\/p>\n<p>&nbsp;<\/p>\n<p>&nbsp;<\/p>\n<p>&nbsp;<\/p>\n<div id=\"attachment_76\" style=\"width: 160px\" class=\"wp-caption alignleft\"><a href=\"https:\/\/sandenelektro.no\/wp-content\/uploads\/2018\/01\/Solcelle.png\"><img loading=\"lazy\" decoding=\"async\" aria-describedby=\"caption-attachment-76\" class=\"wp-image-76 size-thumbnail\" src=\"https:\/\/sandenelektro.no\/wp-content\/uploads\/2018\/01\/Solcelle-150x150.png\" alt=\"\" width=\"150\" height=\"150\" \/><\/a><p id=\"caption-attachment-76\" class=\"wp-caption-text\">Installasjon av solcelleanlegg<\/p><\/div>\n<div id=\"attachment_77\" style=\"width: 160px\" class=\"wp-caption alignleft\"><a href=\"https:\/\/sandenelektro.no\/wp-content\/uploads\/2018\/01\/Solselle-anlegg.png\"><img loading=\"lazy\" decoding=\"async\" aria-describedby=\"caption-attachment-77\" class=\"wp-image-77 size-thumbnail\" src=\"https:\/\/sandenelektro.no\/wp-content\/uploads\/2018\/01\/Solselle-anlegg-150x150.png\" alt=\"\" width=\"150\" height=\"150\" \/><\/a><p id=\"caption-attachment-77\" class=\"wp-caption-text\">Solcelleanlegg inne<\/p><\/div>\n<p>&nbsp;<\/p>\n<p>&nbsp;<\/p>\n<p>&nbsp;<\/p>\n<p>&nbsp;<\/p>\n<p>&nbsp;<\/p>\n<p>&nbsp;<\/p>\n<div id=\"attachment_71\" style=\"width: 160px\" class=\"wp-caption alignleft\"><a href=\"https:\/\/sandenelektro.no\/wp-content\/uploads\/2018\/01\/Sikringsk\u00e5p-ute-.png\"><img loading=\"lazy\" decoding=\"async\" aria-describedby=\"caption-attachment-71\" class=\"wp-image-71 size-thumbnail\" src=\"https:\/\/sandenelektro.no\/wp-content\/uploads\/2018\/01\/Sikringsk\u00e5p-ute--150x150.png\" alt=\"\" width=\"150\" height=\"150\" \/><\/a><p id=\"caption-attachment-71\" class=\"wp-caption-text\">Sikringssk\u00e5p ute<\/p><\/div>\n<div id=\"attachment_154\" style=\"width: 125px\" class=\"wp-caption alignleft\"><a href=\"https:\/\/sandenelektro.no\/wp-content\/uploads\/2018\/02\/Sk\u00e5p5.jpg\"><img loading=\"lazy\" decoding=\"async\" aria-describedby=\"caption-attachment-154\" class=\"wp-image-154\" src=\"https:\/\/sandenelektro.no\/wp-content\/uploads\/2018\/02\/Sk\u00e5p5-225x300.jpg\" alt=\"\" width=\"115\" height=\"153\" srcset=\"https:\/\/sandenelektro.no\/wp-content\/uploads\/2018\/02\/Sk\u00e5p5-225x300.jpg 225w, https:\/\/sandenelektro.no\/wp-content\/uploads\/2018\/02\/Sk\u00e5p5.jpg 308w\" sizes=\"auto, (max-width: 115px) 100vw, 115px\" \/><\/a><p id=\"caption-attachment-154\" class=\"wp-caption-text\">Sikringssk\u00e5p ute<\/p><\/div>\n<p>&nbsp;<\/p>\n<p>&nbsp;<\/p>\n","protected":false},"excerpt":{"rendered":"<p>Me planlegg, utf\u00f8rer og kontrollerer nye installasjonar, reparasjonar, oppgradering, feils\u00f8kning og utbedring av feil p\u00e5 et elektrisk anlegg. I Norge er en elektriker underlagt normer, lover og forskrifter innen elektrofaget, som for eksempel FSE og NEK 400. Me utf\u00f8rer elektroinstallasjon innan: Rehabilitering\u00a0 \u00a0 \u00a0Boligbygg\u00a0 \u00a0 \u00a0 \u00a0 \u00a0 N\u00e6ringsbygg\u00a0 \u00a0 \u00a0 Servicejobbar\u00a0 \u00a0 \u00a0 Rapportarbeid [&hellip;]<\/p>\n","protected":false},"author":3,"featured_media":0,"parent":0,"menu_order":0,"comment_status":"closed","ping_status":"closed","template":"","meta":{"footnotes":""},"class_list":["post-98","page","type-page","status-publish","hentry"],"_links":{"self":[{"href":"https:\/\/sandenelektro.no\/index.php?rest_route=\/wp\/v2\/pages\/98","targetHints":{"allow":["GET"]}}],"collection":[{"href":"https:\/\/sandenelektro.no\/index.php?rest_route=\/wp\/v2\/pages"}],"about":[{"href":"https:\/\/sandenelektro.no\/index.php?rest_route=\/wp\/v2\/types\/page"}],"author":[{"embeddable":true,"href":"https:\/\/sandenelektro.no\/index.php?rest_route=\/wp\/v2\/users\/3"}],"replies":[{"embeddable":true,"href":"https:\/\/sandenelektro.no\/index.php?rest_route=%2Fwp%2Fv2%2Fcomments&post=98"}],"version-history":[{"count":5,"href":"https:\/\/sandenelektro.no\/index.php?rest_route=\/wp\/v2\/pages\/98\/revisions"}],"predecessor-version":[{"id":190,"href":"https:\/\/sandenelektro.no\/index.php?rest_route=\/wp\/v2\/pages\/98\/revisions\/190"}],"wp:attachment":[{"href":"https:\/\/sandenelektro.no\/index.php?rest_route=%2Fwp%2Fv2%2Fmedia&parent=98"}],"curies":[{"name":"wp","href":"https:\/\/api.w.org\/{rel}","templated":true}]}}